069.
149
Calculate the remainder when 26067 is divided by 15.
12
Calculate the remainder when 366112 is divided by 185.
182
Calculate the remainder when 30289 is divided by 30268.
21
What is the remainder when 97387 is divided by 5?
2
What is the remainder when 1037446 is divided by 17?
4
What is the remainder when 5875784 is divided by 14?
12
Calculate the remainder when 24088 is divided by 2659.
157
What is the remainder when 135968 is divided by 19421?
21
What is the remainder when 35760 is divided by 35680?
80
Calculate the remainder when 25700 is divided by 68.
64
Calculate the remainder when 320381 is divided by 53396.
5
What is the remainder when 10717 is divided by 101?
11
Calculate the remainder when 99967 is divided by 847.
21
Calculate the remainder when 3940 is divided by 135.
25
Calculate the remainder when 1591 is divided by 45.
16
Calculate the remainder when 1547 is divided by 40.
27
What is the remainder when 210594 is divided by 203?
83
Calculate the remainder when 46425 is divided by 292.
289
What is the remainder when 9056 is divided by 9026?
30
What is the remainder when 29297 is divided by 14?
9
Calculate the remainder when 907 is divided by 54.
43
Calculate the remainder when 79613 is divided by 19895.
33
Calculate the remainder when 380297 is divided by 263.
262
Calculate the remainder when 213247 is divided by 93.
91
Calculate the remainder when 500433 is divided by 506.
505
What is the remainder when 2456 is divided by 87?
20
What is the remainder when 2317 is divided by 574?
21
Calculate the remainder when 47543 is divided by 101.
73
What is the remainder when 76338 is divided by 1295?
1228
Calculate the remainder when 1467 is divided by 103.
25
Calculate the remainder when 6103 is divided by 339.
1
What is the remainder when 720645 is divided by 10?
5
What is the remainder when 7900 is divided by 138?
34
What is the remainder when 10493 is divided by 55?
43
What is the remainder when 30913 is divided by 3426?
79
What is the remainder when 895 is divided by 24?
7
What is the remainder when 86716 is divided by 292?
284
What is the remainder when 122721 is divided by 487?
484
Calculate the remainder when 76993 is divided by 29.
27
Calculate the remainder when 7511 is divided by 127.
18
Calculate the remainder when 17919 is divided by 23.
2
What is the remainder when 163390 is divided by 25?
15
Calculate the remainder when 22067 is divided by 3148.
31
Calculate the remainder when 14382 is divided by 28.
18
Calculate the remainder when 4278 is divided by 8.
6
What is the remainder when 10601 is divided by 57?
56
Calculate the remainder when 3739 is divided by 180.
139
What is the remainder when 154993 is divided by 139?
8
What is the remainder when 34168 is divided by 11223?
499
Calculate the remainder when 30338 is divided by 10032.
242
Calculate the remainder when 1522 is divided by 697.
128
What is the remainder when 73217 is divided by 59?
57
What is the remainder when 66224 is divided by 22072?
8
What is the remainder when 10998 is divided by 250?
248
What is the remainder when 23674 is divided by 11828?
18
Calculate the remainder when 96023 is divided by 82.
1
Calculate the remainder when 14692 is divided by 582.
142
What is the remainder when 671 is divided by 40?
31
Calculate the remainder when 278977 is divided by 33.
28
Calculate the remainder when 20588 is divided by 429.
425
Calculate the remainder when 14397 is divided by 436.
9
Calculate the remainder when 2765 is divided by 633.
233
What is the remainder when 32839 is divided by 444?
427
Calculate the remainder when 247279 is divided by 46.
29
Calculate the remainder when 1385357 is divided by 287.
8
Calculate the remainder when 78307 is divided by 10.
7
What is the remainder when 130980 is divided by 274?
8
What is the remainder when 60121 is divided by 77?
61
What is the remainder when 4169 is divided by 17?
4
Calculate the remainder when 8304 is divided by 279.
213
What is the remainder when 7192 is divided by 554?
544
Calculate the remainder when 31037 is divided by 10342.
11
Calculate the remainder when 10234 is divided by 1634.
430
Calculate the remainder when 3679256 is divided by 445.
441
What is the remainder when 1536 is divided by 189?
24
Calculate the remainder when 5606 is divided by 163.
64
What is the remainder when 47393 is divided by 23684?
25
Calculate the remainder when 14772 is divided by 946.
582
What is the remainder when 24440 is divided by 30?
20
Calculate the remainder when 20010 is divided by 1683.
1497
What is the remainder when 3261 is divided by 1083?
12
What is the remainder when 40103 is divided by 4010?
3
Calculate the remainder when 3717 is divided by 340.
317
Calculate the remainder when 80075 is divided by 8897.
2
Calculate the remainder when 5073 is divided by 282.
279
What is the remainder when 3696 is divided by 43?
41
What is the remainder when 129494 is divided by 119?
22
Calculate the remainder when 8171 is divided by 12.
11
Calculate the remainder when 104475 is divided by 893.
887
Calculate the remainder when 5064 is divided by 23.
4
Calculate the remainder when 9643 is divided by 688.
11
What is the remainder when 308071 is divided by 97?
96
Calculate the remainder when 399 is divided by 95.
19
What is the remainder when 6784 is divided by 843?
40
What is the remainder when 667 is divided by 453?
214
Calculate the remainder when 145189 is divided by 73.
65
Calculate the remainder when 557 is divided by 338.
219
Calculate the remainder when 27428 is divided by 93.
86
What is the remainder when 553 is divided by 138?
1
What is the remainder when 57920 is divided by 11577?
35
Calculate the remainder when 85535 is divided by 144.
143
Calculate the remainder when 5938 is divided by 1172.
78
Calculate the remainder when 11557 is divided by 35.
7
What is the remainder when 22538 is divided by 407?
153
Calculate the remainder when 21713 is divided by 416.
81
What is the remainder when 2455 is divided by 188?
11
What is the remainder when 88564 is divided by 39?
34
What is the remainder when 43647 is divided by 10?
7
What is the remainder when 6147632 is divided by 44?
40
Calculate the remainder when 23363 is divided by 7786.
5
What is the remainder when 593 is divided by 167?
92
Calculate the remainder when 6696 is divided by 2108.
372
Calculate the remainder when 546414 is divided by 1136.
1134
What is the remainder when 86603 is divided by 9?
5
Calculate the remainder when 17069 is divided by 107.
56
What is the remainder when 85886 is divided by 176?
174
Calculate the remainder when 313002 is divided by 68.
66
Calculate the remainder when 27525 is divided by 27521.
4
Calculate the remainder when 15825 is divided by 223.
215
What is the remainder when 1665349 is divided by 279?
277
What is the remainder when 165117 is divided by 120?
117
Calculate the remainder when 2404 is divided by 126.
10
Calculate the remainder when 766 is divided by 5.
1
What is the remainder when 3670 is divided by 59?
12
What is the remainder when 10675 is divided by 589?
73
What is the remainder when 44532 is divided by 4048?
4
Calculate the remainder when 10313 is divided by 101.
11
What is the remainder when 57077 is divided by 510?
467
Calculate the remainder when 5112 is divided by 640.
632
Calculate the remainder when 33188 is divided by 5531.
2
Calculate the remainder when 2343723 is divided by 798.
795
Calculate the remainder when 3950 is divided by 1261.
167
What is the remainder when 813948 is divided by 365?
363
Calculate the remainder when 1583 is divided by 146.
123
Calculate the remainder when 2457 is divided by 1227.
3
Calculate the remainder when 23072075 is divided by 119.
117
What is the remainder when 25237 is divided by 272?
213
What is the remainder when 92347 is divided by 79?
75
Calculate the remainder when 114 is divided by 45.
24
Calculate the remainder when 482145 is divided by 160712.
9
Calculate the remainder when 5638 is divided by 1835.
133
Calculate the remainder when 300655 is divided by 19.
18
What is the remainder when 5919 is divided by 269?
1
Calculate the remainder when 714 is divided by 94.
56
What is the remainder when 66657 is divided by 8330?
17
Calculate the remainder when 62840 is divided by 123.
